{"id":731,"date":"2026-01-24T23:35:28","date_gmt":"2026-01-24T23:35:28","guid":{"rendered":"https:\/\/mawizo.de\/?page_id=731"},"modified":"2026-01-24T23:39:49","modified_gmt":"2026-01-24T23:39:49","slug":"kuenstliche-intelligenz-und-governance-artificial-intelligence-and-governance","status":"publish","type":"page","link":"https:\/\/mawizo.de\/?page_id=731","title":{"rendered":"K\u00fcnstliche Intelligenz und Governance \/ Artificial Intelligence and Governance"},"content":{"rendered":"\n<p>Behn, Oliver; Jungt\u00e4ubl, Marc; Leyer, Michael; Will-Zocholl, Mascha (2025): <a href=\"https:\/\/www.researchgate.net\/publication\/399819620_Individual_and_Organisational_Capacities_for_Assessing_Trustworthiness_of_AI_Systems_in_Healthcare_Settings_The_Crucial_Role_of_Structural_Empowerment?_sg%5B0%5D=SvLJqYlE-Gbbuy5sWYTs_RfQJZ_8TMt8KYA2Ov7IZ3ZhqzF_7XzusWZPT_L1m5ylvbrETnbfjzkGc2OXkjvf8-FQFHYClnxCluaUBEpm.RwAqRMzxJOPJLtXKKkiGtbeCyKKgvHlp6eGUmh2_GA4X-CGL-x7EkzcZTMYPf3dnxVPj9GSGWmJbY3T_Wq9zFg&amp;_tp=eyJjb250ZXh0Ijp7ImZpcnN0UGFnZSI6ImhvbWUiLCJwYWdlIjoicHJvZmlsZSIsInBvc2l0aW9uIjoicGFnZUNvbnRlbnQifX0\">Individual and Organisational Capacities for Assessing \u201cTrustworthiness\u201d of AI Systems in Healthcare Settings: The Crucial Role of Structural Empowerment<\/a>. In B\u00fccker, Sebastian; D\u00fcwell, Marcus; Kaminski, Andreas; Leyer, Michael (eds.): Trust, Responsibility, and Digital Governance Regulation of AI and Blockchain Technology from a Capacity-Based Perspective. Transcript, 61-88.<\/p>\n\n\n\n<p>Bartsch, Sebastian; Behn, Oliver; Benlian, Alexander; Brownswood, Roger; D\u00fcwell, Marcus; B\u00fccker, Sebastian; Form\u00e1nek, Nico; Jungt\u00e4ubl, Marc; Leyer, Michael,\u00a0Richter, Alexander; Will-Zocholl, Mascha (2025):\u00a0Governance of High-Risk AI Systems in Healthcare and Credit Scoring.\u00a0<em>Business and Information Systems Eng<\/em>ineering\u00a0<strong>67<\/strong> (1), 563\u2013581. <a href=\"https:\/\/doi.org\/10.1007\/s12599-025-00944-4\">https:\/\/doi.org\/10.1007\/s12599-025-00944-4<\/a><\/p>\n\n\n\n<p><\/p>\n","protected":false},"excerpt":{"rendered":"<p>Behn, Oliver; Jungt\u00e4ubl, Marc; Leyer, Michael; Will-Zocholl, Mascha (2025): Individual and Organisational Capacities for Assessing \u201cTrustworthiness\u201d of AI Systems in Healthcare Settings: The Crucial Role of Structural Empowerment. In B\u00fccker, Sebastian; D\u00fcwell, Marcus; Kaminski, Andreas; Leyer, Michael (eds.): Trust, Responsibility, &hellip; <a href=\"https:\/\/mawizo.de\/?page_id=731\">Weiterlesen <span class=\"meta-nav\">&rarr;<\/span><\/a><\/p>\n","protected":false},"author":1,"featured_media":0,"parent":27,"menu_order":0,"comment_status":"closed","ping_status":"closed","template":"","meta":{"footnotes":""},"class_list":["post-731","page","type-page","status-publish","hentry"],"_links":{"self":[{"href":"https:\/\/mawizo.de\/index.php?rest_route=\/wp\/v2\/pages\/731","targetHints":{"allow":["GET"]}}],"collection":[{"href":"https:\/\/mawizo.de\/index.php?rest_route=\/wp\/v2\/pages"}],"about":[{"href":"https:\/\/mawizo.de\/index.php?rest_route=\/wp\/v2\/types\/page"}],"author":[{"embeddable":true,"href":"https:\/\/mawizo.de\/index.php?rest_route=\/wp\/v2\/users\/1"}],"replies":[{"embeddable":true,"href":"https:\/\/mawizo.de\/index.php?rest_route=%2Fwp%2Fv2%2Fcomments&post=731"}],"version-history":[{"count":1,"href":"https:\/\/mawizo.de\/index.php?rest_route=\/wp\/v2\/pages\/731\/revisions"}],"predecessor-version":[{"id":733,"href":"https:\/\/mawizo.de\/index.php?rest_route=\/wp\/v2\/pages\/731\/revisions\/733"}],"up":[{"embeddable":true,"href":"https:\/\/mawizo.de\/index.php?rest_route=\/wp\/v2\/pages\/27"}],"wp:attachment":[{"href":"https:\/\/mawizo.de\/index.php?rest_route=%2Fwp%2Fv2%2Fmedia&parent=731"}],"curies":[{"name":"wp","href":"https:\/\/api.w.org\/{rel}","templated":true}]}}