{"id":177,"date":"2018-08-22T09:55:37","date_gmt":"2018-08-22T09:55:37","guid":{"rendered":"http:\/\/mawizo.de\/?page_id=177"},"modified":"2024-03-19T20:32:24","modified_gmt":"2024-03-19T20:32:24","slug":"forschungsperspektiven","status":"publish","type":"page","link":"https:\/\/mawizo.de\/?page_id=177","title":{"rendered":"Forschungsschwerpunkte"},"content":{"rendered":"<p><img loading=\"lazy\" decoding=\"async\" class=\"wp-image-316 aligncenter\" src=\"http:\/\/mawizo.de\/wp-content\/uploads\/2020\/02\/Abb-300x188.png\" alt=\"\" width=\"429\" height=\"269\" srcset=\"https:\/\/mawizo.de\/wp-content\/uploads\/2020\/02\/Abb-300x188.png 300w, https:\/\/mawizo.de\/wp-content\/uploads\/2020\/02\/Abb-768x482.png 768w, https:\/\/mawizo.de\/wp-content\/uploads\/2020\/02\/Abb-800x502.png 800w, https:\/\/mawizo.de\/wp-content\/uploads\/2020\/02\/Abb.png 899w\" sizes=\"auto, (max-width: 429px) 100vw, 429px\" \/><\/p>\n<p>Meine Forschungsschwerpunkte bewegen sich im Spannungsfeld von <strong>Arbeit<\/strong>, <strong>Organisation<\/strong> und <strong>Technik<\/strong>.\u00a0Dabei steht die kritische Auseinandersetzung mit dem Wandel\u00a0von Arbeit und Organisation und den in diesem Zusammenhang adressierten Beschreibungen gesellschaftlicher\u00a0Transformationsprozesse im Mittelpunkt,\u00a0insbesondere<\/p>\n<ul>\n<li>die r\u00e4umlichen Auswirkungen<\/li>\n<li>der Einfluss des zunehmenden Einsatzes und Gebrauchs moderner\u00a0Technologien auf Arbeitst\u00e4tigkeiten und -prozesse<\/li>\n<li>die Folgen f\u00fcr Organisationen und Besch\u00e4ftigte,<\/li>\n<li>aus diesen Prozessen resultierende Ver\u00e4nderungen in der Materialit\u00e4t von Arbeit.<\/li>\n<\/ul>\n<h2><strong>Forschungsprogramm<\/strong> <b>&#8222;Arbeit und Organisation in der digitalen Transformation<\/b><b>&#8220;\u00a0<\/b><\/h2>\n<div>\n<p>Im Hinblick auf die aktuellen Debatten um die &#8222;digitale Revolution&#8220; (Rifkin 2011) oder das &#8222;zweite Maschinenzeitalter&#8220; (Brynjolffson\/McAfee 2015) und die Spekulationen dar\u00fcber, wie neue Technologien Gesellschaften, das Leben von Individuen oder die Arbeit ver\u00e4ndern, ist es notwendig, dass empirische Forschung die bisher vorherrschenden Projektionen um eine realistische Vorstellung erweitern und zu lernen, wie diese Transformation in der Praxis abl\u00e4uft.<\/p>\n<p>Mein Ziel ist es, zu Fragen nach dem Technikverst\u00e4ndnis und der Technikpraktiken in der Arbeit, den organisatorischen Ver\u00e4nderungen in Bezug auf Arbeitsprozesse, Hierarchien und solcher Ressourcen wie Vertrauen, den Konsequenzen der digitalen Transformation auf Gesellschaft, v.a. sozialer Ungleichheit sowie zur Entwicklung Arbeit und Qualifikation zu arbeiten. Dabei nach den Herausforderungen zu fragen, denen sich Individuen und Gesellschaft im Zuge einer fortschreitenden Digitalisierung des Lebens stellen, was m\u00fcssen sie wissen und lernen? Also einen Beitrag zu leisten, die gesellschaftlichen Auswirkungen der digitalen Transformation zu erforschen und zu einer verbesserten empirischen Basis und theoretischen Perspektiven beizutragen und dabei fr\u00fchere Debatten, Konzepte und Erkenntnisse miteinzubeziehen.<\/p>\n<p>Es ist mir besonders wichtig, die Perspektiven der Besch\u00e4ftigten auf ihre Arbeit einzufangen und die Konsequenzen dieser Ver\u00e4nderungen f\u00fcr die Arbeit selbst, aber auch die Organisation zu evaluieren. Dies kann nur durch transdisziplin\u00e4re Forschungsanstrengungen erreicht werden. Die Ergebnisse der dieser Forschungsperspektiven tragen auch zur Gestaltung der Lehre bei, indem Kompetenzen identifiziert werden k\u00f6nnen, die f\u00fcr die Studierenden zuk\u00fcnftig wichtig sind und indem die Lehrinhalte hinsichtlich z.B. der Konsequenzen der Digitalisierung f\u00fcr Organisationen (hier insbesondere der \u00f6ffentlichen Verwaltung) st\u00e4ndig aktualisiert werden. Dabei ist zu ber\u00fccksichtigen, dass es sich bei Digitalisierungsprozessen um soziale Prozesse handelt, die einerseits Wandel induzieren und andererseits einer Gestaltung bed\u00fcrfen.<\/p>\n<p>Ziel meiner Forschung ist es, jenseits von Beitr\u00e4gen zur disziplin\u00e4ren und grundlagenorientierten Debatte meines Faches, immer auch Befunde f\u00fcr die organisationale Praxis zu erarbeiten, die dann f\u00fcr Besch\u00e4ftigte, Interessenvertretungen und F\u00fchrungskr\u00e4fte von Interesse sind. Kurz gefasst, einen Beitrag zu leisten, die digitale Transformation zu verstehen, den Wandel zu gestalten und dabei die Besch\u00e4ftigten als Akteure in den Mittelpunkt zu stellen.<\/p>\n<\/div>\n<p><span class=\"Apple-converted-space\">Inhaltlich ist mir dabei die Ber\u00fccksichtigung transdisziplin\u00e4rer Perspektiven und interdisziplin\u00e4rer\u00a0Zusammenarbeit wichtig<\/span>. Diese Zug\u00e4nge spiegeln sich auch in meine <a href=\"http:\/\/mawizo.de\/?page_id=2\">Forschungsprojekten<\/a> wieder.<\/p>\n","protected":false},"excerpt":{"rendered":"<p>Meine Forschungsschwerpunkte bewegen sich im Spannungsfeld von Arbeit, Organisation und Technik.\u00a0Dabei steht die kritische Auseinandersetzung mit dem Wandel\u00a0von Arbeit und Organisation und den in diesem Zusammenhang adressierten Beschreibungen gesellschaftlicher\u00a0Transformationsprozesse im Mittelpunkt,\u00a0insbesondere die r\u00e4umlichen Auswirkungen der Einfluss des zunehmenden Einsatzes und &hellip; <a href=\"https:\/\/mawizo.de\/?page_id=177\">Weiterlesen <span class=\"meta-nav\">&rarr;<\/span><\/a><\/p>\n","protected":false},"author":1,"featured_media":0,"parent":0,"menu_order":0,"comment_status":"closed","ping_status":"closed","template":"full-width-page.php","meta":{"footnotes":""},"class_list":["post-177","page","type-page","status-publish","hentry"],"_links":{"self":[{"href":"https:\/\/mawizo.de\/index.php?rest_route=\/wp\/v2\/pages\/177","targetHints":{"allow":["GET"]}}],"collection":[{"href":"https:\/\/mawizo.de\/index.php?rest_route=\/wp\/v2\/pages"}],"about":[{"href":"https:\/\/mawizo.de\/index.php?rest_route=\/wp\/v2\/types\/page"}],"author":[{"embeddable":true,"href":"https:\/\/mawizo.de\/index.php?rest_route=\/wp\/v2\/users\/1"}],"replies":[{"embeddable":true,"href":"https:\/\/mawizo.de\/index.php?rest_route=%2Fwp%2Fv2%2Fcomments&post=177"}],"version-history":[{"count":27,"href":"https:\/\/mawizo.de\/index.php?rest_route=\/wp\/v2\/pages\/177\/revisions"}],"predecessor-version":[{"id":658,"href":"https:\/\/mawizo.de\/index.php?rest_route=\/wp\/v2\/pages\/177\/revisions\/658"}],"wp:attachment":[{"href":"https:\/\/mawizo.de\/index.php?rest_route=%2Fwp%2Fv2%2Fmedia&parent=177"}],"curies":[{"name":"wp","href":"https:\/\/api.w.org\/{rel}","templated":true}]}}

<p><img loading="lazy" decoding="async" class="wp-image-316 aligncenter" src="http://mawizo.de/wp-content/uploads/2020/02/Abb-300x188.png" alt="" width="429" height="269" srcset="https://mawizo.de/wp-content/uploads/2020/02/Abb-300x188.png 300w, https://mawizo.de/wp-content/uploads/2020/02/Abb-768x482.png 768w, https://mawizo.de/wp-content/uploads/2020/02/Abb-800x502.png 800w, https://mawizo.de/wp-content/uploads/2020/02/Abb.png 899w" sizes="auto, (max-width: 429px) 100vw, 429px" /></p>
<p>Meine Forschungsschwerpunkte bewegen sich im Spannungsfeld von <strong>Arbeit</strong>, <strong>Organisation</strong> und <strong>Technik</strong>. Dabei steht die kritische Auseinandersetzung mit dem Wandel von Arbeit und Organisation und den in diesem Zusammenhang adressierten Beschreibungen gesellschaftlicher Transformationsprozesse im Mittelpunkt, insbesondere</p>
<ul>
<li>die räumlichen Auswirkungen</li>
<li>der Einfluss des zunehmenden Einsatzes und Gebrauchs moderner Technologien auf Arbeitstätigkeiten und -prozesse</li>
<li>die Folgen für Organisationen und Beschäftigte,</li>
<li>aus diesen Prozessen resultierende Veränderungen in der Materialität von Arbeit.</li>
</ul>
<h2><strong>Forschungsprogramm</strong> <b>&#8222;Arbeit und Organisation in der digitalen Transformation</b><b>&#8220; </b></h2>
<div>
<p>Im Hinblick auf die aktuellen Debatten um die &#8222;digitale Revolution&#8220; (Rifkin 2011) oder das &#8222;zweite Maschinenzeitalter&#8220; (Brynjolffson/McAfee 2015) und die Spekulationen darüber, wie neue Technologien Gesellschaften, das Leben von Individuen oder die Arbeit verändern, ist es notwendig, dass empirische Forschung die bisher vorherrschenden Projektionen um eine realistische Vorstellung erweitern und zu lernen, wie diese Transformation in der Praxis abläuft.</p>
<p>Mein Ziel ist es, zu Fragen nach dem Technikverständnis und der Technikpraktiken in der Arbeit, den organisatorischen Veränderungen in Bezug auf Arbeitsprozesse, Hierarchien und solcher Ressourcen wie Vertrauen, den Konsequenzen der digitalen Transformation auf Gesellschaft, v.a. sozialer Ungleichheit sowie zur Entwicklung Arbeit und Qualifikation zu arbeiten. Dabei nach den Herausforderungen zu fragen, denen sich Individuen und Gesellschaft im Zuge einer fortschreitenden Digitalisierung des Lebens stellen, was müssen sie wissen und lernen? Also einen Beitrag zu leisten, die gesellschaftlichen Auswirkungen der digitalen Transformation zu erforschen und zu einer verbesserten empirischen Basis und theoretischen Perspektiven beizutragen und dabei frühere Debatten, Konzepte und Erkenntnisse miteinzubeziehen.</p>
<p>Es ist mir besonders wichtig, die Perspektiven der Beschäftigten auf ihre Arbeit einzufangen und die Konsequenzen dieser Veränderungen für die Arbeit selbst, aber auch die Organisation zu evaluieren. Dies kann nur durch transdisziplinäre Forschungsanstrengungen erreicht werden. Die Ergebnisse der dieser Forschungsperspektiven tragen auch zur Gestaltung der Lehre bei, indem Kompetenzen identifiziert werden können, die für die Studierenden zukünftig wichtig sind und indem die Lehrinhalte hinsichtlich z.B. der Konsequenzen der Digitalisierung für Organisationen (hier insbesondere der öffentlichen Verwaltung) ständig aktualisiert werden. Dabei ist zu berücksichtigen, dass es sich bei Digitalisierungsprozessen um soziale Prozesse handelt, die einerseits Wandel induzieren und andererseits einer Gestaltung bedürfen.</p>
<p>Ziel meiner Forschung ist es, jenseits von Beiträgen zur disziplinären und grundlagenorientierten Debatte meines Faches, immer auch Befunde für die organisationale Praxis zu erarbeiten, die dann für Beschäftigte, Interessenvertretungen und Führungskräfte von Interesse sind. Kurz gefasst, einen Beitrag zu leisten, die digitale Transformation zu verstehen, den Wandel zu gestalten und dabei die Beschäftigten als Akteure in den Mittelpunkt zu stellen.</p>
</div>
<p><span class="Apple-converted-space">Inhaltlich ist mir dabei die Berücksichtigung transdisziplinärer Perspektiven und interdisziplinärer Zusammenarbeit wichtig</span>. Diese Zugänge spiegeln sich auch in meine <a href="http://mawizo.de/?page_id=2">Forschungsprojekten</a> wieder.</p>

<p>Meine Forschungsschwerpunkte bewegen sich im Spannungsfeld von Arbeit, Organisation und Technik. Dabei steht die kritische Auseinandersetzung mit dem Wandel von Arbeit und Organisation und den in diesem Zusammenhang adressierten Beschreibungen gesellschaftlicher Transformationsprozesse im Mittelpunkt, insbesondere die räumlichen Auswirkungen der Einfluss des zunehmenden Einsatzes und &hellip; <a href="https://mawizo.de/?page_id=177">Weiterlesen <span class="meta-nav">&rarr;</span></a></p>
